
Let m(o) = 22*o**2 - 549*o - 5031. Determine m(-9).
1692
Let c(v) = 2*v**3 + 63*v**2 + 1853*v + 38195. What is c(-25)?
-5
Let m(w) = -w**3 + 7*w**2 - 126*w - 1178. What is m(-10)?
1782
Let d(t) = 7469357*t + 29877426. Determine d(-4).
-2
Let r(h) = -503525*h + 2014109. Give r(4).
9
Let r(i) = i**3 - 73*i**2 - 1951*i - 1303. Determine r(94).
859
Let r(p) = -28166*p - 281442. Calculate r(-10).
218
Let y(a) = -a**2 + 2081*a - 39219. Determine y(19).
-41
Let m(y) = 6*y**2 - 365*y - 25274. Calculate m(102).
-80
Let t(c) = 2*c**3 + 112*c**2 + 1565*c - 29. Calculate t(-27).
-2
Let x(p) = -230*p - 819. Calculate x(-8).
1021
Let j(t) = -42928*t - 1287832. Give j(-30).
8
Let s(w) = w**3 - 335*w**2 - 3449*w + 9. Calculate s(-10).
-1
Let p(f) = -592*f - 8062. Give p(-14).
226
Let h(r) = 2112*r**2 - 4185*r + 11. Calculate h(2).
89
Let m(v) = v**2 + 1026*v - 150286. Determine m(130).
-6
Let q(p) = -39*p**3 + 7*p**2 + 17*p + 4. What is q(1)?
-11
Let z(a) = -23*a**2 + 3073*a - 20434. What is z(7)?
-50
Let u(p) = -5021*p - 95360. Determine u(-19).
39
Let g(q) = q**3 + 11*q**2 - 1102*q + 2067. Determine g(27).
15
Let n(v) = -2475*v - 22295. What is n(-9)?
-20
Let q(v) = 15*v**3 + 1467*v**2 - 298*v - 382. Give q(-98).
10
Let o(p) = p**3 - 151*p**2 + 151*p + 3647. Give o(150).
3797
Let f(n) = -13*n**2 + 107*n + 186. Give f(11).
-210
Let b(f) = f**2 - 19*f + 6. What is b(21)?
48
Let c(k) = 492*k + 48705. Determine c(-103).
-1971
Let n(o) = -13*o**2 - 96*o + 624. Give n(4).
32
Let s(n) = -530*n + 88565. Give s(167).
55
Let f(n) = n**2 + 453*n - 5556. What is f(12)?
24
Let l(p) = -4774*p + 162357. What is l(34)?
41
Let p(z) = -95*z - 4939. Calculate p(-48).
-379
Let i(a) = -28*a**3 + 70*a**2 - 8*a - 1. What is i(2)?
39
Let z(k) = -k**3 + 25*k**2 - 107*k - 239. Determine z(21).
-722
Let m(t) = 2*t**3 + 192*t**2 + 918*t - 199. Calculate m(-91).
-927
Let j(d) = -864*d - 21882. What is j(-25)?
-282
Let l(m) = -114*m - 12374. What is l(-108)?
-62
Let d(z) = -z**2 - 119*z - 3277. Calculate d(-61).
261
Let t(s) = 2579*s - 90269. Give t(35).
-4
Let o(l) = -1989*l - 73676. Determine o(-37).
-83
Let a(f) = -5*f**3 + 8*f**2 - 287*f - 1733. Give a(-6).
1357
Let t(f) = 4*f**3 - 2545*f**2 + 641*f - 3198. Give t(636).
-18
Let u(m) = -2*m**3 - 13*m**2 - 1406*m - 8408. Give u(-6).
-8
Let t(y) = -13*y**2 + 284*y - 625. Calculate t(16).
591
Let h(s) = 350*s - 115845. What is h(331)?
5
Let b(j) = 6*j**3 + 137*j**2 - 21*j + 35. Calculate b(-23).
-11
Let l(b) = -443*b + 39915. What is l(90)?
45
Let c(r) = -182915*r + 4207030. Calculate c(23).
-15
Let d(b) = -2356*b - 47134. Give d(-20).
-14
Let j(k) = -50709*k - 5983671. Give j(-118).
-9
Let v(m) = 9061*m - 5300695. What is v(585)?
-10
Let g(a) = -1240*a**2 - 5098*a + 14051. Calculate g(-6).
-1
Let w(u) = u**3 - 37*u**2 + 189*u - 798. Give w(32).
130
Let i(s) = 634*s + 6991. Give i(-11).
17
Let l(w) = w**3 + 266*w**2 + 1564*w + 5. Calculate l(-6).
-19
Let m(s) = 3394*s**2 + 190072*s + 453. Calculate m(-56).
5
Let w(c) = 57*c + 12450. Determine w(-219).
-33
Let v(z) = -4*z**3 - 17*z**2 + 26*z + 8. What is v(-6)?
104
Let u(s) = s**2 + 411*s + 2432. Determine u(-6).
2
Let q(v) = 577*v - 26757. What is q(42)?
-2523
Let t(b) = b**3 - 49*b**2 + 191*b - 2478. Give t(46).
-40
Let w(r) = 2*r**3 - 35*r**2 + 151*r - 45. Calculate w(7).
-17
Let y(s) = 64*s**2 - 34709*s + 11581. Give y(542).
199
Let z(a) = -25*a**2 + 1214*a + 785. Give z(49).
246
Let v(y) = 353*y**2 - 141*y - 109. What is v(-1)?
385
Let f(l) = -4*l**3 + 2227*l**2 + 37194*l + 29228. Determine f(573).
5
Let a(w) = -2*w**2 - 38663*w - 425150. Calculate a(-11).
-99
Let c(v) = v**3 - 71*v**2 - 3*v + 220. Give c(71).
7
Let h(k) = 117*k**2 + 10276*k - 20535. Calculate h(2).
485
Let c(m) = 11*m**3 + 6*m**2 - 24*m + 32. Calculate c(2).
96
Let a(s) = -1900*s - 45649. Give a(-24).
-49
Let r(m) = 905*m - 16300. Give r(18).
-10
Let b(g) = -g**3 + 33*g**2 + 3*g - 827. What is b(31)?
1188
Let x(i) = -6*i**2 - 130*i + 1510. What is x(-29)?
234
Let v(y) = y**3 - 1107*y**2 - 11159*y - 12283. Calculate v(1117).
4
Let n(k) = -2550*k - 1916. Calculate n(-1).
634
Let j(w) = 49581*w - 31682258. Calculate j(639).
1
Let j(q) = -141*q + 14221. What is j(102)?
-161
Let q(a) = 85*a + 377. What is q(-13)?
-728
Let a(q) = q**3 - 38*q**2 - 299*q + 14816. Determine a(34).
26
Let y(j) = 2*j**3 + 131*j**2 + 700*j - 93. Determine y(-6).
-9
Let j(d) = -2*d**3 - 85*d**2 - 205*d + 2363. Calculate j(-39).
-289
Let q(a) = -92162*a - 184326. Give q(-2).
-2
Let z(j) = -j**3 - 421*j**2 + 21486*j - 202. Give z(46).
-18
Let q(v) = -176422*v + 1234954. Give q(7).
0
Let u(h) = h**3 - 3*h**2 + 213*h - 569. Determine u(0).
-569
Let a(x) = -x**3 - 137*x**2 - 418*x + 15126. Give a(-133).
-36
Let z(c) = -20*c**3 + 142*c**2 - 8*c. What is z(7)?
42
Let n(g) = -g**3 - 21*g**2 - 77*g + 367. Determine n(-11).
4
Let i(u) = -11*u - 594. What is i(-58)?
44
Let k(c) = -14*c**2 + 192*c - 2209. Calculate k(15).
-2479
Let l(k) = 8*k**3 - 241*k**2 + 1134*k - 25314. Determine l(29).
3
Let y(u) = -u**3 + 93*u**2 - 190*u + 536. Determine y(91).
-192
Let n(x) = -x**2 + 11639*x - 1655280. Determine n(144).
0
Let p(n) = 3*n**3 + 3889*n**2 + 1369*n + 94619. Calculate p(-1296).
11
Let v(j) = -1796*j - 64593. Determine v(-36).
63
Let d(a) = -8*a**3 - 150*a**2 - 123*a - 3052. Give d(-19).
7
Let k(o) = 1365*o**2 + 16385*o + 70. Determine k(-12).
10
Let v(t) = t**3 - 6*t**2 - 12184*t + 97344. What is v(8)?
0
Let h(u) = -u**3 + 12*u**2 - 9147*u + 100510. Calculate h(11).
14
Let d(t) = -824*t - 107158. Calculate d(-130).
-38
Let u(g) = 2732*g + 5877. Calculate u(-2).
413
Let h(j) = 10*j**2 - 859*j - 5424. Determine h(-6).
90
Let c(k) = k**2 - 2510*k + 66959. Give c(27).
-82
Let v(w) = -16125*w - 47699. Calculate v(-3).
676
Let n(d) = -d**2 - 581*d + 1366420. Calculate n(914).
-10
Let f(a) = -a**3 - 20*a**2 - 244*a - 883. Give f(-8).
301
Let q(f) = -f**2 + 360*f + 29099. Give q(428).
-5
Let x(m) = -3*m**2 + 254*m - 4715. What is x(56)?
101
Let g(k) = -65*k + 8605. Determine g(112).
1325
Let y(p) = 3*p**2 + 3054*p - 6104. Give y(2).
16
Let q(l) = 93*l - 579. What is q(8)?
165
Let j(y) = -y**2 + 944*y - 163084. What is j(228)?
164
Let o(q) = 4*q**3 - 81*q**2 + 206*q + 49. Calculate o(17).
-206
Let p(d) = d**3 - 13*d**2 - 175*d - 69. Determine p(-13).
-2188
Let v(h) = -2*h**3 - 225*h**2 + 172*h + 6677. Determine v(-113).
10
Let y(i) = i**3 - 22*i**2 - 15274*i + 261111. Give y(17).
8
Let i(o) = -45190*o - 135582. Calculate i(-3).
-12
Let g(j) = -j**2 - 2780*j - 112285. Determine g(-41).
14
Let k(r) = 223*r - 23169. Calculate k(104).
23
Let f(s) = -25*s - 3011. Determine f(-134).
339
Let v(m) = 123*m + 2308. Calculate v(-40).
-2612
Let s(l) = -654*l**2 - 62100*l + 2852. Calculate s(-95).
2
Let q(k) = -2*k**2 - 12999*k + 221504. Determine q(17).
-57
Let a(n) = -5*n**3 + 124*n**2 - 735*n - 19. Calculate a(6).
-1045
Let s(h) = 2*h**2 + 98*h - 1477. Determine s(18).
935
Let g(s) = -s**3 + 4*s**2 - 2473*s + 14901. What is g(6)?
-9
Let k(p) = 2*p**3 + 7*p**2 + 105*p + 785. Give k(-7).
-293
Let u(y) = -y**3 + 548*y**2 - 12185*y + 57757. Calculate u(525).
7
Let q(i) = -2*i**3 - 76*i**2 - 3*i - 172. Give q(-38).
-58
Let t(w) = w**3 - 4*w**2 + 179*w - 1002. What is t(6)?
144
Let h(d) = 4399*d + 158343. What is h(-36)?
-21
Let w(z) = -17*z**2 + 2895*z - 75238. Determine w(32).
-6
Let w(x) = -18*x**2 + 574*x + 4207. Calculate w(-7).
-693
Let f(h) = 59450*h + 713401. Give f(-12).
1
Let k(i) = 24*i - 1616. Calculate k(59).
-200
Let p(o) = o**2 - 56*o - 246. What is p(0)?
-246
Let y(o) = -10*o**3 + 1256*o**2 + 506*o - 212. Determine y(126).
40
Let s(p) = -7948*p - 452956. Determine s(-57).
80
Let b(o) = -99*o**3 + 4*o**2 - 86*o + 257. Calculate b(3).
-2638
Let m(d) = -17*d**2 + 1068*d - 16576. What is m(28)?
0
Let f(c) = -22215*c - 222225. What is f(-10)?
-75
Let k(r) = -2360*r**2 + 7091*r - 152. Give k(3).
-119
Let s(p) = 212*p**2 + 200566*p + 13238. Give s(-946).
-6
Let c(o) = 12677*o - 228577. Calculate c(18).
-391
Let b(x) = -13*x**2 + 1128*x - 6452. Calculate b(6).
-152
Let y(v) = -16684*v - 717403. What is y(-43)?
9
Let d(z) = 187633*z + 7505325. Give d(-40).
5
Let u(l) = 4415*l - 2142. Calculate u(0).
-2142
Let f(v) = 4*v**3 - 6*v**2 - 78*v + 113. What is f(9)?
1841
Le